{"id":11,"date":"2017-11-28T15:48:00","date_gmt":"2017-11-28T15:48:00","guid":{"rendered":"http:\/\/www.lascompostivistas.com\/?page_id=11"},"modified":"2017-11-28T15:48:00","modified_gmt":"2017-11-28T15:48:00","slug":"compostagem-entre-nos","status":"publish","type":"page","link":"https:\/\/beameira.com\/lascompostivistas\/compostagem-entre-nos\/","title":{"rendered":"Compostagem entre n\u00f3s"},"content":{"rendered":"<h3><span style=\"color: #b8338b;\"><b>As Oficinas<\/b><\/span><\/h3>\n<p><span style=\"color: #000000;\"><strong>1\u00aa Oficina: Tramas de Movimentos<\/strong><\/span><\/p>\n<p><span style=\"color: #000000;\">TRABALHO DE CORPO<br \/>\n<\/span><span style=\"color: #000000;\">N\u00e3o fazer, s\u00f3 ser (Posturas de medita\u00e7\u00e3o) trazer o corpo para uma condi\u00e7\u00e3o de conforto, disponibilidade e experimentar o sil\u00eancio.<\/span><\/p>\n<p><span style=\"color: #000000;\">DESENHO COLETIVO<br \/>\n<\/span><span style=\"color: #000000;\">Forramos o espa\u00e7o da sala de aula com papel craft. O desenho vai acontecendo, e com uso de canetas grossas, a partir de movimentos comandados para o grupo, que trabalham as vezes de forma simult\u00e2nea e as vezes sequencial. Depois que uma trama de linhas coloridas foi tecida, cada participante vai se apropriando do desenho, fazendo uma nova camada personalizada sobre uma malha comum. Terminada a atividade sentar em c\u00edrculo e compartilhar a experi\u00eancia do que foi produzido.<\/span><\/p>\n<p>&nbsp;<\/p>\n<p><span style=\"color: #000000;\"><strong>2\u00aa Oficina: O nome e suas hist\u00f3rias<\/strong><\/span><\/p>\n<p><span style=\"color: #000000;\">\u00a0AFINANDO O CORPO<br \/>\n<\/span><span style=\"color: #000000;\">Acordar o corpo, energiz\u00e1-lo. De p\u00e9, usar t\u00e9cnica de tai chi chuan;<\/span><\/p>\n<p><span style=\"color: #000000;\">OQUE CONTA O MEU NOME<br \/>\n<\/span><span style=\"color: #000000;\">Para construir um comum entre o grupo, pede-se que cada um relembre da hist\u00f3ria do seu nome. Em seguida os participantes s\u00e3o convidados a escrever com o corpo a hist\u00f3ria de seu nome. Um novelo de muitas hist\u00f3rias se entrela\u00e7a pelo grupo. Terminada a atividade, em roda, compartilhar o que cada um viveu.<\/span><\/p>\n<p>&nbsp;<\/p>\n<p><span style=\"color: #000000;\"><strong>3\u00aa Oficina:<\/strong> <strong>Misturas sonoras<\/strong><\/span><\/p>\n<p><span style=\"color: #000000;\">OUVIR O CORPO<br \/>\n<\/span><span style=\"color: #000000;\">Sensibilizar a escuta para escutar o outro. Ouvir uma m\u00fasica cantada por um coro feminino etc.<\/span><\/p>\n<p><span style=\"color: #000000;\">OUVIR O OUTRO E O MUNDO<br \/>\n<\/span><span style=\"color: #000000;\">Encontros sonoros atrav\u00e9s de uma sequ\u00eancia de exerc\u00edcios; ouvir e falar com a cabe\u00e7a na bacia, buscar sons autorias no espa\u00e7o da sala de aula. Percorrer o ambiente da escola e diferentes espa\u00e7os, ouvindo e captando os sons de modo a desenhar uma cartografia sonora. Terminada a atividade, em roda, ouvir o outro e trocar experi\u00eancias vividas.<\/span><\/p>\n<p>&nbsp;<\/p>\n<p><span style=\"color: #000000;\">As oficinas promovem experimenta\u00e7\u00e3o de outras possibilidades de ocupar o espa\u00e7o, movimentos, reinventar o corpo com novas paisagens sonoras e sensibilizar para import\u00e2ncia da rela\u00e7\u00e3o aluno professor. Um equil\u00edbrio entre o singular e o coletivo; a ancestralidade e o presente; as constitui\u00e7\u00f5es de si no encontro com o outro, a arte de cuidar da vida como um valor que nos amarra enquanto esp\u00e9cies companheiras. Guiados pelas marcas culturais locais, situadas, com aquelas pessoas e naquele momento.<\/span><\/p>\n<p>&nbsp;<\/p>\n<h3><span style=\"color: #b8338b;\"><b>A Logo<\/b><\/span><\/h3>\n<p>Primeiro desenho coletivo:<\/p>\n<p><img loading=\"lazy\" class=\"alignnone size-full wp-image-74\" src=\"https:\/\/beameira.com\/lascompostivistas\/wp-content\/uploads\/2017\/11\/IMG_3168-1.jpg\" alt=\"\" width=\"1200\" height=\"900\" \/><\/p>\n<p>Montagem do desenho coletivo:<\/p>\n<p><img loading=\"lazy\" class=\"alignnone size-full wp-image-75\" src=\"https:\/\/beameira.com\/lascompostivistas\/wp-content\/uploads\/2017\/11\/montagem-do-desenho-coletivo.jpg\" alt=\"\" width=\"826\" height=\"711\" \/><\/p>\n<p>Primeiro estudo do logotipo:<\/p>\n<p><img loading=\"lazy\" class=\"alignnone size-full wp-image-76\" src=\"https:\/\/beameira.com\/lascompostivistas\/wp-content\/uploads\/2017\/11\/las-compostivistas-estudo.jpg\" alt=\"\" width=\"826\" height=\"711\" \/><\/p>\n<p>Logotipo finalizado:<\/p>\n<p><img loading=\"lazy\" class=\"alignnone size-full wp-image-6\" src=\"https:\/\/beameira.com\/lascompostivistas\/wp-content\/uploads\/2017\/11\/171128_las_compostivistas_logo.png\" alt=\"\" width=\"900\" height=\"625\" srcset=\"https:\/\/beameira.com\/lascompostivistas\/wp-content\/uploads\/2017\/11\/171128_las_compostivistas_logo.png 900w, https:\/\/beameira.com\/lascompostivistas\/wp-content\/uploads\/2017\/11\/171128_las_compostivistas_logo-300x208.png 300w, https:\/\/beameira.com\/lascompostivistas\/wp-content\/uploads\/2017\/11\/171128_las_compostivistas_logo-768x533.png 768w\" sizes=\"(max-width: 900px) 100vw, 900px\" \/><\/p>\n<h3><span style=\"color: #b8338b;\"><b>A Trilha<\/b><\/span><\/h3>\n<p>Subindo a escada<\/p>\n<!--[if lt IE 9]><script>document.createElement('audio');<\/script><![endif]-->\n<audio class=\"wp-audio-shortcode\" id=\"audio-11-1\" preload=\"none\" style=\"width: 100%;\" controls=\"controls\"><source type=\"audio\/mpeg\" src=\"https:\/\/beameira.com\/lascompostivistas\/wp-content\/uploads\/2017\/11\/01-Subindo-a-Escada.mp3?_=1\" \/><a href=\"https:\/\/beameira.com\/lascompostivistas\/wp-content\/uploads\/2017\/11\/01-Subindo-a-Escada.mp3\">https:\/\/beameira.com\/lascompostivistas\/wp-content\/uploads\/2017\/11\/01-Subindo-a-Escada.mp3<\/a><\/audio>\n<p>&nbsp;<\/p>\n<p>Chave na porta<\/p>\n<audio class=\"wp-audio-shortcode\" id=\"audio-11-2\" preload=\"none\" style=\"width: 100%;\" controls=\"controls\"><source type=\"audio\/mpeg\" src=\"https:\/\/beameira.com\/lascompostivistas\/wp-content\/uploads\/2017\/11\/02-Chave-na-Porta.mp3?_=2\" \/><a href=\"https:\/\/beameira.com\/lascompostivistas\/wp-content\/uploads\/2017\/11\/02-Chave-na-Porta.mp3\">https:\/\/beameira.com\/lascompostivistas\/wp-content\/uploads\/2017\/11\/02-Chave-na-Porta.mp3<\/a><\/audio>\n<p>&nbsp;<\/p>\n<p>Subindo escada + Chave na porta<\/p>\n<audio class=\"wp-audio-shortcode\" id=\"audio-11-3\" preload=\"none\" style=\"width: 100%;\" controls=\"controls\"><source type=\"audio\/mpeg\" src=\"https:\/\/beameira.com\/lascompostivistas\/wp-content\/uploads\/2017\/11\/03-Subindo-escada-Chave-na-porta.mp3?_=3\" \/><a href=\"https:\/\/beameira.com\/lascompostivistas\/wp-content\/uploads\/2017\/11\/03-Subindo-escada-Chave-na-porta.mp3\">https:\/\/beameira.com\/lascompostivistas\/wp-content\/uploads\/2017\/11\/03-Subindo-escada-Chave-na-porta.mp3<\/a><\/audio>\n<p>&nbsp;<\/p>\n<p>Batuque Elizah<\/p>\n<audio class=\"wp-audio-shortcode\" id=\"audio-11-4\" preload=\"none\" style=\"width: 100%;\" controls=\"controls\"><source type=\"audio\/mpeg\" src=\"https:\/\/beameira.com\/lascompostivistas\/wp-content\/uploads\/2017\/11\/04-Batuque-Elizah.mp3?_=4\" \/><a href=\"https:\/\/beameira.com\/lascompostivistas\/wp-content\/uploads\/2017\/11\/04-Batuque-Elizah.mp3\">https:\/\/beameira.com\/lascompostivistas\/wp-content\/uploads\/2017\/11\/04-Batuque-Elizah.mp3<\/a><\/audio>\n<p>&nbsp;<\/p>\n<p>Subindo escada + Chave na porta + Batuque Elizah<\/p>\n<audio class=\"wp-audio-shortcode\" id=\"audio-11-5\" preload=\"none\" style=\"width: 100%;\" controls=\"controls\"><source type=\"audio\/mpeg\" src=\"https:\/\/beameira.com\/lascompostivistas\/wp-content\/uploads\/2017\/11\/05-Subindo-escada-Chave-na-porta-Batuque-Elizah.mp3?_=5\" \/><a href=\"https:\/\/beameira.com\/lascompostivistas\/wp-content\/uploads\/2017\/11\/05-Subindo-escada-Chave-na-porta-Batuque-Elizah.mp3\">https:\/\/beameira.com\/lascompostivistas\/wp-content\/uploads\/2017\/11\/05-Subindo-escada-Chave-na-porta-Batuque-Elizah.mp3<\/a><\/audio>\n<p>&nbsp;<\/p>\n<p>Re\u0301gua<\/p>\n<audio class=\"wp-audio-shortcode\" id=\"audio-11-6\" preload=\"none\" style=\"width: 100%;\" controls=\"controls\"><source type=\"audio\/mpeg\" src=\"https:\/\/beameira.com\/lascompostivistas\/wp-content\/uploads\/2017\/11\/06-Re\u0301gua.mp3?_=6\" \/><a href=\"https:\/\/beameira.com\/lascompostivistas\/wp-content\/uploads\/2017\/11\/06-Re\u0301gua.mp3\">https:\/\/beameira.com\/lascompostivistas\/wp-content\/uploads\/2017\/11\/06-Re\u0301gua.mp3<\/a><\/audio>\n<p>&nbsp;<\/p>\n<p>Subindo escada + Chave na porta + Batuque Elizah + Re\u0301gua<\/p>\n<audio class=\"wp-audio-shortcode\" id=\"audio-11-7\" preload=\"none\" style=\"width: 100%;\" controls=\"controls\"><source type=\"audio\/mpeg\" src=\"https:\/\/beameira.com\/lascompostivistas\/wp-content\/uploads\/2017\/11\/07-Subindo-escada-Chave-na-porta-Batuque-Elizah-Re\u0301gua.mp3?_=7\" \/><a href=\"https:\/\/beameira.com\/lascompostivistas\/wp-content\/uploads\/2017\/11\/07-Subindo-escada-Chave-na-porta-Batuque-Elizah-Re\u0301gua.mp3\">https:\/\/beameira.com\/lascompostivistas\/wp-content\/uploads\/2017\/11\/07-Subindo-escada-Chave-na-porta-Batuque-Elizah-Re\u0301gua.mp3<\/a><\/audio>\n<p>&nbsp;<\/p>\n<p>Melodia feita com batuque Elizah<\/p>\n<audio class=\"wp-audio-shortcode\" id=\"audio-11-8\" preload=\"none\" style=\"width: 100%;\" controls=\"controls\"><source type=\"audio\/mpeg\" src=\"https:\/\/beameira.com\/lascompostivistas\/wp-content\/uploads\/2017\/11\/08-Melodia-feita-com-batuque-Elizah.mp3?_=8\" \/><a href=\"https:\/\/beameira.com\/lascompostivistas\/wp-content\/uploads\/2017\/11\/08-Melodia-feita-com-batuque-Elizah.mp3\">https:\/\/beameira.com\/lascompostivistas\/wp-content\/uploads\/2017\/11\/08-Melodia-feita-com-batuque-Elizah.mp3<\/a><\/audio>\n<p>&nbsp;<\/p>\n<p>Escalada feita com Batuque Elizah<\/p>\n<audio class=\"wp-audio-shortcode\" id=\"audio-11-9\" preload=\"none\" style=\"width: 100%;\" controls=\"controls\"><source type=\"audio\/mpeg\" src=\"https:\/\/beameira.com\/lascompostivistas\/wp-content\/uploads\/2017\/11\/09-Escalada-feita-com-Batuque-Elizah.mp3?_=9\" \/><a href=\"https:\/\/beameira.com\/lascompostivistas\/wp-content\/uploads\/2017\/11\/09-Escalada-feita-com-Batuque-Elizah.mp3\">https:\/\/beameira.com\/lascompostivistas\/wp-content\/uploads\/2017\/11\/09-Escalada-feita-com-Batuque-Elizah.mp3<\/a><\/audio>\n<p>&nbsp;<\/p>\n<p>Rua + Metro\u0302<\/p>\n<audio class=\"wp-audio-shortcode\" id=\"audio-11-10\" preload=\"none\" style=\"width: 100%;\" controls=\"controls\"><source type=\"audio\/mpeg\" src=\"https:\/\/beameira.com\/lascompostivistas\/wp-content\/uploads\/2017\/11\/10-Rua-Metro\u0302.mp3?_=10\" \/><a href=\"https:\/\/beameira.com\/lascompostivistas\/wp-content\/uploads\/2017\/11\/10-Rua-Metro\u0302.mp3\">https:\/\/beameira.com\/lascompostivistas\/wp-content\/uploads\/2017\/11\/10-Rua-Metro\u0302.mp3<\/a><\/audio>\n<p>&nbsp;<\/p>\n<p>Las Compostivistas<\/p>\n<audio class=\"wp-audio-shortcode\" id=\"audio-11-11\" preload=\"none\" style=\"width: 100%;\" controls=\"controls\"><source type=\"audio\/mpeg\" src=\"https:\/\/beameira.com\/lascompostivistas\/wp-content\/uploads\/2017\/11\/11-Las-Compostivistas.mp3?_=11\" \/><a href=\"https:\/\/beameira.com\/lascompostivistas\/wp-content\/uploads\/2017\/11\/11-Las-Compostivistas.mp3\">https:\/\/beameira.com\/lascompostivistas\/wp-content\/uploads\/2017\/11\/11-Las-Compostivistas.mp3<\/a><\/audio>\n","protected":false},"excerpt":{"rendered":"<p>As Oficinas 1\u00aa Oficina: Tramas de Movimentos TRABALHO DE CORPO N\u00e3o fazer, s\u00f3 ser (Posturas&hellip;<\/p>\n","protected":false},"author":1,"featured_media":0,"parent":0,"menu_order":0,"comment_status":"closed","ping_status":"closed","template":"template-with-header.php","meta":[],"_links":{"self":[{"href":"https:\/\/beameira.com\/lascompostivistas\/wp-json\/wp\/v2\/pages\/11"}],"collection":[{"href":"https:\/\/beameira.com\/lascompostivistas\/wp-json\/wp\/v2\/pages"}],"about":[{"href":"https:\/\/beameira.com\/lascompostivistas\/wp-json\/wp\/v2\/types\/page"}],"author":[{"embeddable":true,"href":"https:\/\/beameira.com\/lascompostivistas\/wp-json\/wp\/v2\/users\/1"}],"replies":[{"embeddable":true,"href":"https:\/\/beameira.com\/lascompostivistas\/wp-json\/wp\/v2\/comments?post=11"}],"version-history":[{"count":0,"href":"https:\/\/beameira.com\/lascompostivistas\/wp-json\/wp\/v2\/pages\/11\/revisions"}],"wp:attachment":[{"href":"https:\/\/beameira.com\/lascompostivistas\/wp-json\/wp\/v2\/media?parent=11"}],"curies":[{"name":"wp","href":"https:\/\/api.w.org\/{rel}","templated":true}]}}